


{"id":50,"date":"2017-05-30T17:03:06","date_gmt":"2017-05-30T16:03:06","guid":{"rendered":"https:\/\/sportingclubparisvolley.wordpress.com\/?page_id=50"},"modified":"2025-04-19T01:19:28","modified_gmt":"2025-04-18T23:19:28","slug":"regionalef","status":"publish","type":"page","link":"https:\/\/scparisvolley.eu\/index.php\/regionalef\/","title":{"rendered":"R\u00e9gionale"},"content":{"rendered":"<p>Voici l&rsquo;\u00e9quipe du SCPV en championnat r\u00e9gional.<\/p>\n<p><a href=\"http:\/\/www.ffvbbeach.org\/ffvbapp\/resu\/planning_club.php?cnclub=0758726\">Calendrier<\/a><\/p>\n<p><a href=\"http:\/\/www.ffvbbeach.org\/ffvbapp\/resu\/planning_club_class.php?cnclub=0758726&amp;saison=2023%2F2024\" target=\"_blank\" rel=\"noopener noreferrer\">Classement<\/a><\/p>\n<p>Les cr\u00e9neaux et gymnases sont disponibles <a href=\"https:\/\/scparisvolley.eu\/index.php\/les-creneaux\/\">ici<\/a>.<\/p>\n","protected":false},"excerpt":{"rendered":"<p>Voici l&rsquo;\u00e9quipe du SCPV en championnat r\u00e9gional. Calendrier Classement Les cr\u00e9neaux et gymnases sont disponibles ici.<\/p>\n","protected":false},"author":2,"featured_media":0,"parent":0,"menu_order":0,"comment_status":"closed","ping_status":"closed","template":"","meta":{"footnotes":""},"_links":{"self":[{"href":"https:\/\/scparisvolley.eu\/index.php\/wp-json\/wp\/v2\/pages\/50"}],"collection":[{"href":"https:\/\/scparisvolley.eu\/index.php\/wp-json\/wp\/v2\/pages"}],"about":[{"href":"https:\/\/scparisvolley.eu\/index.php\/wp-json\/wp\/v2\/types\/page"}],"author":[{"embeddable":true,"href":"https:\/\/scparisvolley.eu\/index.php\/wp-json\/wp\/v2\/users\/2"}],"replies":[{"embeddable":true,"href":"https:\/\/scparisvolley.eu\/index.php\/wp-json\/wp\/v2\/comments?post=50"}],"version-history":[{"count":10,"href":"https:\/\/scparisvolley.eu\/index.php\/wp-json\/wp\/v2\/pages\/50\/revisions"}],"predecessor-version":[{"id":4712,"href":"https:\/\/scparisvolley.eu\/index.php\/wp-json\/wp\/v2\/pages\/50\/revisions\/4712"}],"wp:attachment":[{"href":"https:\/\/scparisvolley.eu\/index.php\/wp-json\/wp\/v2\/media?parent=50"}],"curies":[{"name":"wp","href":"https:\/\/api.w.org\/{rel}","templated":true}]}}

Régionale

<p>Voici l&rsquo;équipe du SCPV en championnat régional.</p>
<p><a href="http://www.ffvbbeach.org/ffvbapp/resu/planning_club.php?cnclub=0758726">Calendrier</a></p>
<p><a href="http://www.ffvbbeach.org/ffvbapp/resu/planning_club_class.php?cnclub=0758726&amp;saison=2023%2F2024" target="_blank" rel="noopener noreferrer">Classement</a></p>
<p>Les créneaux et gymnases sont disponibles <a href="https://scparisvolley.eu/index.php/les-creneaux/">ici</a>.</p>

<p>Voici l&rsquo;équipe du SCPV en championnat régional. Calendrier Classement Les créneaux et gymnases sont disponibles ici.</p>
